= -3*w + 7*w - 604. List the prime factors of w.
151
Let t = 7 - 3. Suppose 4*f - h + 2 = -0, -8 = -4*f - t*h. Suppose i - 3 = -f*i. List the prime factors of i.
3
Let m(q) = -q**2 + 9*q - 1. Let l(n) be the third derivative of -n**6/120 + n**5/12 - 5*n**4/24 + n**3/2 + n**2. Let v be l(3). List the prime factors of m(v).
17
List the prime factors of 30/((-65)/(-15) - 4).
2, 3, 5
Let h = -102 - -172. What are the prime factors of (-6)/(-4)*h/15?
7
Let w(j) = -2*j. Suppose -3*n + 2*t = 0, t + 19 = 5*n + 4*t. Let x be w(n). Let c = x + 17. List the prime factors of c.
13
Let k = 6 + -8. Let n be k + 7 + 0/(-2). Suppose n*d + 3*r = 63, -5*r + 0*r - 7 = -d. List the prime factors of d.
2, 3
Suppose 4*v + v - 20 = 0. Suppose v = 5*b - 3*l - 5, -5 = b - 4*l. Suppose i - o = 13, -41 = -b*i + 6*o - 2*o. What are the prime factors of i?
11
Let f = 26 - 20. Suppose 0 = -5*n + 2*y + 133, -f*y + 4*y - 83 = -3*n. List the prime factors of n.
5
Let h(f) = -f**3 - 3 + 2*f**3 + 3*f**2 + f + f**2. Suppose 2*g = -0*g - 5*z - 31, 3*g - 2*z - 1 = 0. List the prime factors of h(g).
3
List the prime factors of 162/(-4)*(-3)/((-9)/(-6)).
3
Let z be ((-5)/1)/(1/(-1)). Let l = z + -6. Let n = l - -13. What are the prime factors of n?
2, 3
Let g be -2*(-2)/(6/(-21)). Let y = g - -24. List the prime factors of y.
2, 5
Suppose -x + 4 = x. Let g(w) = -2*w**x + 9*w**2 + w**3 + w**2 - 6 - 2*w. What are the prime factors of g(-8)?
2, 5
Suppose -20 = 5*h, 3*f - 2*f + 4*h = -3. Suppose -3*j - f = -79. List the prime factors of j.
2, 11
Let m = 9 - 7. Suppose m*s + n + 28 = 0, -1 = 5*n - 11. What are the prime factors of 4/((-4)/s) + 1?
2
Let a(b) = 3 + 10*b**2 - 2*b**2 - 2. List the prime factors of a(2).
3, 11
Let x(h) = -h**2 - 3*h + 1. Let n be x(-2). Suppose 2*m - 11 = -n*r, -5*m + m + 2*r + 14 = 0. What are the prime factors of 46/m - (-3)/6?
2, 3
Suppose -3*u - 5*o - 10 = 0, u - 6*u - 3*o = -10. Let c = -3 + u. List the prime factors of c.
2
Let l(a) = 2*a - 14. Suppose 0 = 2*g - 2 - 20. Let q be l(g). Suppose -28 = -3*s + q. What are the prime factors of s?
2, 3
Suppose -4*x = -2*x - 30. List the prime factors of x.
3, 5
Suppose 114 = 3*u - 6. List the prime factors of u.
2, 5
Let a(i) = -8*i + 4. List the prime factors of a(-3).
2, 7
Let i(z) = z**3 + 10*z**2 + 3. What are the prime factors of i(-8)?
131
Let y(l) = l - 1. Let w be y(5). Let h(p) = p - 4. Let x be h(6). Suppose -g + x = -w. List the prime factors of g.
2, 3
Suppose 314 = 2*t + 4*q, q - 5*q = t - 155. What are the prime factors of t?
3, 53
Let w(g) = -g**2 + 2*g - 1. Let i be w(2). List the prime factors of 2 + (-3 - -4) + i.
2
Let g = -37 - -306. What are the prime factors of g?
269
Let a be 10/4*(-16)/(-10). Suppose a*c + 0 = 8. Let l = 0 + c. What are the prime factors of l?
2
Suppose -2*u + 2*l - 5*l = -77, -5*l + 114 = 3*u. List the prime factors of u.
43
Let h(v) = -v + 3. Let l be h(-5). Let n(i) = i - 1. What are the prime factors of n(l)?
7
Let w(b) = -b**3 - b**2 - b + 5. Let x be w(0). Suppose -t + 5*f - 9 = -5*t, -x*t + 27 = f. Let k = -4 + t. List the prime factors of k.
2
Let i be 6/5*(-5)/(-1). Let k be -1 - (-8)/(-6)*i. What are the prime factors of 1 - 1 - 0 - k?
3
Let a(c) = c**2 - c + 4. Let g be a(7). List the prime factors of (-4)/(-8) + g/4.
2, 3
Let f = 8 - 3. Suppose -f*v - 10 = 0, 4*k - 3*k + 5*v = -12. What are the prime factors of k/(-4) + 66/4?
17
Let m be (-1)/((-1)/(-2)) + 72. Suppose 12 = -3*j + 6*j. Suppose -m = -a - j*a. What are the prime factors of a?
2, 7
Let v be (-15)/20 + (-39)/(-4). Suppose -29 = -k + 6. Suppose 0 = 4*f - v - k. List the prime factors of f.
11
Let l(f) be the third derivative of -f**6/10 + f**5/60 + f**4/12 + f**3/6 - f**2. What are the prime factors of l(-1)?
2, 3
Suppose 0 = 11*x - 7*x - 232. List the prime factors of x.
2, 29
Let k(i) = i - 3. Let x = -4 - -6. Let q be k(x). Let b = 12 + q. What are the prime factors of b?
11
Let g be 4/(3/(-3)*-2). Suppose -g*r + 6 = 3*a + 4, -4*a - 16 = -2*r. What are the prime factors of r?
2
Let t(d) = 4*d**3 - 2*d**2 - d - 1. What are the prime factors of t(4)?
3, 73
Suppose 0*m = -m - k + 15, 5*m = 4*k + 39. Let a = -6 + m. Suppose 40 = 5*u - a*q, -2*q + q = u - 6. List the prime factors of u.
7
Let u = -13 - -7. Let b(v) = v**3 + 5*v**2 + 3*v - 3. Let k be b(u). List the prime factors of k/(-9) - (-4)/6.
7
Let t(m) = m + 11. Let f(q) = -4*q - 33. Let i(n) = -3*f(n) - 8*t(n). List the prime factors of i(8).
43
Suppose 0 = j - 5*j. Suppose -160 = -j*h - 5*h. What are the prime factors of h?
2
Let l(k) = k**2 + k. Suppose -5*y - 13 = -4*b, -2*b = 5*y + 7 + 24. List the prime factors of l(b).
2, 3
Let y(d) = d**2 - 5*d - 7. Let o(l) = l + 1. Let r(i) = -4*o(i) + y(i). Let j be r(10). List the prime factors of j/(-4) + 51/4.
13
Let x(n) = -n**2 + 7*n + 7. Suppose 4*u + 0*u = 28. Let b be x(u). Let k = 1 + b. List the prime factors of k.
2
List the prime factors of (-51)/(-2)*(-16)/(-24).
17
What are the prime factors of (221/(-2))/(-6 + 55/10)?
13, 17
Suppose -6*j + 15 = -279. What are the prime factors of 6/(-14) - (-2863)/j?
2, 29
List the prime factors of 4/(-22) - 11/(121/(-552)).
2, 5
Let x(a) = -45*a**2 + 24. Let h(g) = -9*g**2 + 5. Let o(b) = 24*h(b) - 5*x(b). Let l(v) = 2*v + 3. Let t be l(-2). What are the prime factors of o(t)?
3
Let c be -1 + 2 - 8/(-2). Suppose c*l = 160 + 90. List the prime factors of l.
2, 5
Suppose -3*y + 5*g + 134 = 0, 4*y + 77 - 241 = 3*g. List the prime factors of y.
2, 19
Let s = -29 - -43. Let m = 29 - s. List the prime factors of m.
3, 5
Let i(r) = 6*r**2 + r - 1. Let h(y) = -5*y**2 - 2*y + 1. Let a(n) = -5*h(n) - 4*i(n). Let q be a(-6). List the prime factors of (0 - q)/(2/6).
3
Let n be (-7)/(-5) - 12/30. Let k = 3 + -3. Suppose k = -z + n + 8. What are the prime factors of z?
3
What are the prime factors of 20/(-24)*4*(-684)/20?
2, 3, 19
Let a be 1*(-6)/(-3) + 0. Suppose -a*n + 4*u = -10, 2*u + 5 = n + u. Let q = n - 3. List the prime factors of q.
2
Let t = 2 - 5. Let f = t - -5. List the prime factors of f.
2
Let w = -32 + -8. What are the prime factors of 2 - -1 - w/10?
7
Suppose 4*w + 3*z - 131 = 246, z = 2*w - 191. What are the prime factors of w?
5, 19
Let n = 5 + 21. Let x = -17 + 7. Let r = n + x. What are the prime factors of r?
2
Let g = -25 + 42. What are the prime factors of g?
17
Let w(a) = -a - 4 - 4 + 8. Let c(v) = v - 8. Let h be c(6). List the prime factors of w(h).
2
Suppose n + 4 - 2 = -5*h, -h - 3*n = 6. Suppose 2*a - a = h. Suppose q - 14 = -4*m, -18 = -3*q - a*q - 4*m. List the prime factors of q.
2
Suppose 3*v = -0*k + 2*k + 53, 2*v = -4*k + 30. Let t = 2 + -1. Suppose 3*r - 2*o = v + t, 2*o = -r + 14. What are the prime factors of r?
2
Suppose 3*w - 12 = -0*w. List the prime factors of 5 + 2/(-2 + w).
2, 3
Let u(p) = 37*p**2 - p - 3. Let i be u(2). Let t = i + -97. List the prime factors of t.
2, 23
Suppose -5 = -x - 0. Suppose 5 = d + x*q - 1, 6 = d - q. List the prime factors of d.
2, 3
Let y(d) be the first derivative of d**5/15 + d**4/24 - d**3/3 + d**2/2 + 2. Let b(o) be the second derivative of y(o). What are the prime factors of b(2)?
2
Suppose 0 = l - 3*n - 33, -32 = 4*l - 3*n - 164. What are the prime factors of l?
3, 11
Suppose v - 2*v = -2. Let p(z) = 5 - z + v*z**2 - 2 - 4*z. What are the prime factors of p(3)?
2, 3
Let j(g) = -160*g**3 - 2*g**2 - 6*g - 4. What are the prime factors of j(-1)?
2, 5
Suppose 5*o = 2*a + 809, 2*o + a - 493 = -173. What are the prime factors of o?
7, 23
Suppose 4*c + 16 = 2*c + 5*z, -3*c - 5*z = -26. Suppose -2*b + c*x + 1 = -17, -10 = -2*x. What are the prime factors of b?
2, 7
Suppose 0 = 2*n - 1 - 3. Suppose -c + 54 = n*c. What are the prime factors of c?
2, 3
Let j(g) = g + 2. List the prime factors of j(2).
2
Suppose 49 = 2*t - 5*a, 5*t + 4*a - 88 = 5*a. List the prime factors of t.
17
Suppose 0*i = -4*i - 2*a + 8, -i = 4*a - 2. Suppose i*j - 39 = -j. List the prime factors of j.
13
Let g(b) = 2*b**2 - b - 2. Let j = -2 - 0. List the prime factors of g(j).
2
Suppose 0 = 2*g - 4*m - 142, -4*g + 104 + 170 = 2*m. What are the prime factors of g?
3, 23
Let v = 882 + -556. What are the prime factors of v?
2, 163
Let g(b) = -b - 3 + 3*b + b - 12*b. What are the prime factors of g(-3)?
2, 3
Let o = 13 +